{"id":2798,"date":"2022-09-02T23:59:04","date_gmt":"2022-09-02T23:59:04","guid":{"rendered":"https:\/\/www.southbox.com.ar\/?page_id=2798"},"modified":"2022-09-05T21:30:07","modified_gmt":"2022-09-05T21:30:07","slug":"servicios-integrales","status":"publish","type":"page","link":"https:\/\/www.southbox.com.ar\/?page_id=2798","title":{"rendered":"Servicios Integrales"},"content":{"rendered":"\t\t<div data-elementor-type=\"wp-page\" data-elementor-id=\"2798\" class=\"elementor elementor-2798\">\n\t\t\t\t\t\t<section class=\"elementor-section elementor-top-section elementor-element elementor-element-73ebfca3 elementor-section-boxed elementor-section-height-default elementor-section-height-default elementor-invisible\" data-id=\"73ebfca3\" data-element_type=\"section\" data-e-type=\"section\" data-settings=\"{&quot;background_background&quot;:&quot;classic&quot;,&quot;animation&quot;:&quot;fadeInUp&quot;}\">\n\t\t\t\t\t\t<div class=\"elementor-container elementor-column-gap-no\">\n\t\t\t\t\t<div class=\"elementor-column elementor-col-50 elementor-top-column elementor-element elementor-element-31cbfbd9\" data-id=\"31cbfbd9\" data-element_type=\"column\" data-e-type=\"column\" data-settings=\"{&quot;background_background&quot;:&quot;classic&quot;}\">\n\t\t\t<div class=\"elementor-widget-wrap elementor-element-populated\">\n\t\t\t\t\t\t<div class=\"elementor-element elementor-element-6938d607 elementor-widget elementor-widget-image-box\" data-id=\"6938d607\" data-element_type=\"widget\" data-e-type=\"widget\" data-widget_type=\"image-box.default\">\n\t\t\t\t<div class=\"elementor-widget-container\">\n\t\t\t\t\t<div class=\"elementor-image-box-wrapper\"><div class=\"elementor-image-box-content\"><h4 class=\"elementor-image-box-title\">SERVICIOS INTEGRALES<\/h4><p class=\"elementor-image-box-description\">A. Enlaces PTP y PTMP.<br>\nB. Red WIFI.<br>\nC. Soluciones de conectividad a travez de fibra optica. <br>\nD. Camaras de Seguridad.<br>\nE. Cableado estructurado.<br>\nF. Centrales telefonicas.<br>\nG. Control de acceso biometrico.<br>\nH. Alarmas.<br>\nI. Porteros edificios digitales.<br>\nJ. Impresion y Digitalizaci\u00f3n.<br>\nK. Rack, Datacenter.<br>\nL. Seguridad inform\u00e1tica.<br>\nM. Soluciones VPN. <br>\nN. Mantenimiento de servidores.<br>\nO. Correo electronicos.<br>\nP. Sistemas de Audio funcional.<br>\nQ. Energia estabilizada UPS. <br>\nR. Protecci\u00f3n electrica.<br>\nS. Medicion electrica. <br>\nT. Puesta a Tierra.\n<\/p><\/div><\/div>\t\t\t\t<\/div>\n\t\t\t\t<\/div>\n\t\t\t\t\t<\/div>\n\t\t<\/div>\n\t\t\t\t<div class=\"elementor-column elementor-col-50 elementor-top-column elementor-element elementor-element-3c3cbf8f\" data-id=\"3c3cbf8f\" data-element_type=\"column\" data-e-type=\"column\">\n\t\t\t<div class=\"elementor-widget-wrap elementor-element-populated\">\n\t\t\t\t\t\t<section class=\"elementor-section elementor-inner-section elementor-element elementor-element-2ff1de82 elementor-section-boxed elementor-section-height-default elementor-section-height-default\" data-id=\"2ff1de82\" data-element_type=\"section\" data-e-type=\"section\" data-settings=\"{&quot;background_background&quot;:&quot;classic&quot;}\">\n\t\t\t\t\t\t<div class=\"elementor-container elementor-column-gap-no\">\n\t\t\t\t\t<div class=\"elementor-column elementor-col-100 elementor-inner-column elementor-element elementor-element-6a254362\" data-id=\"6a254362\" data-element_type=\"column\" data-e-type=\"column\" data-settings=\"{&quot;background_background&quot;:&quot;classic&quot;}\">\n\t\t\t<div class=\"elementor-widget-wrap elementor-element-populated\">\n\t\t\t\t\t\t<div class=\"elementor-element elementor-element-11e49777 elementor-widget elementor-widget-image\" data-id=\"11e49777\" data-element_type=\"widget\" data-e-type=\"widget\" data-widget_type=\"image.default\">\n\t\t\t\t<div class=\"elementor-widget-container\">\n\t\t\t\t\t\t\t\t\t\t\t\t\t\t\t<img fetchpriority=\"high\" decoding=\"async\" width=\"1810\" height=\"2560\" src=\"https:\/\/www.southbox.com.ar\/wp-content\/uploads\/2022\/09\/servicios-integrales-grafico-scaled.jpg\" class=\"attachment-full size-full wp-image-2801\" alt=\"servicios integrales de redes, vpn, southbox\" srcset=\"https:\/\/www.southbox.com.ar\/wp-content\/uploads\/2022\/09\/servicios-integrales-grafico-scaled.jpg 1810w, https:\/\/www.southbox.com.ar\/wp-content\/uploads\/2022\/09\/servicios-integrales-grafico-212x300.jpg 212w, https:\/\/www.southbox.com.ar\/wp-content\/uploads\/2022\/09\/servicios-integrales-grafico-724x1024.jpg 724w, https:\/\/www.southbox.com.ar\/wp-content\/uploads\/2022\/09\/servicios-integrales-grafico-768x1086.jpg 768w, https:\/\/www.southbox.com.ar\/wp-content\/uploads\/2022\/09\/servicios-integrales-grafico-1086x1536.jpg 1086w, https:\/\/www.southbox.com.ar\/wp-content\/uploads\/2022\/09\/servicios-integrales-grafico-1448x2048.jpg 1448w\" sizes=\"(max-width: 1810px) 100vw, 1810px\" \/>\t\t\t\t\t\t\t\t\t\t\t\t\t\t\t<\/div>\n\t\t\t\t<\/div>\n\t\t\t\t\t<\/div>\n\t\t<\/div>\n\t\t\t\t\t<\/div>\n\t\t<\/section>\n\t\t\t\t\t<\/div>\n\t\t<\/div>\n\t\t\t\t\t<\/div>\n\t\t<\/section>\n\t\t\t\t<section class=\"elementor-section elementor-top-section elementor-element elementor-element-887znaz elementor-section-content-middle elementor-section-boxed elementor-section-height-default elementor-section-height-default elementor-invisible\" data-id=\"887znaz\" data-element_type=\"section\" data-e-type=\"section\" data-settings=\"{&quot;background_background&quot;:&quot;classic&quot;,&quot;animation&quot;:&quot;fadeInUp&quot;}\">\n\t\t\t\t\t\t\t<div class=\"elementor-background-overlay\"><\/div>\n\t\t\t\t\t\t\t<div class=\"elementor-container elementor-column-gap-no\">\n\t\t\t\t\t<div class=\"elementor-column elementor-col-100 elementor-top-column elementor-element elementor-element-116f2ae\" data-id=\"116f2ae\" data-element_type=\"column\" data-e-type=\"column\">\n\t\t\t<div class=\"elementor-widget-wrap elementor-element-populated\">\n\t\t\t\t\t\t<div class=\"elementor-element elementor-element-d26675a elementor-widget elementor-widget-heading\" data-id=\"d26675a\" data-element_type=\"widget\" data-e-type=\"widget\" data-widget_type=\"heading.default\">\n\t\t\t\t<div class=\"elementor-widget-container\">\n\t\t\t\t\t<h6 class=\"elementor-heading-title elementor-size-default\">Solicita una cotizaci\u00f3n de nuestro servicio integral para tu comercio o empresa. Cumplimos con brindarle un servicio de forma profesional bajo los est\u00e1ndares de calidad, logrando una soluci\u00f3n t\u00e9cnico-econ\u00f3mica \u00f3ptima.<\/h6>\t\t\t\t<\/div>\n\t\t\t\t<\/div>\n\t\t\t\t<div class=\"elementor-element elementor-element-9fbff1a elementor-align-center elementor-widget elementor-widget-button\" data-id=\"9fbff1a\" data-element_type=\"widget\" data-e-type=\"widget\" data-widget_type=\"button.default\">\n\t\t\t\t<div class=\"elementor-widget-container\">\n\t\t\t\t\t\t\t\t\t<div class=\"elementor-button-wrapper\">\n\t\t\t\t\t<a class=\"elementor-button elementor-button-link elementor-size-xl\" href=\"https:\/\/www.southbox.com.ar\/?page_id=2729\">\n\t\t\t\t\t\t<span class=\"elementor-button-content-wrapper\">\n\t\t\t\t\t\t\t\t\t<span class=\"elementor-button-text\">SOLICITAR COTIZACION DE SERVICIO INTEGRAL<\/span>\n\t\t\t\t\t<\/span>\n\t\t\t\t\t<\/a>\n\t\t\t\t<\/div>\n\t\t\t\t\t\t\t\t<\/div>\n\t\t\t\t<\/div>\n\t\t\t\t\t<\/div>\n\t\t<\/div>\n\t\t\t\t\t<\/div>\n\t\t<\/section>\n\t\t\t\t<section class=\"elementor-section elementor-top-section elementor-element elementor-element-57be33ab elementor-section-boxed elementor-section-height-default elementor-section-height-default\" data-id=\"57be33ab\" data-element_type=\"section\" data-e-type=\"section\" id=\"xs_cta_style_14\">\n\t\t\t\t\t\t<div class=\"elementor-container elementor-column-gap-default\">\n\t\t\t\t\t<div class=\"elementor-column elementor-col-100 elementor-top-column elementor-element elementor-element-c6e406f\" data-id=\"c6e406f\" data-element_type=\"column\" data-e-type=\"column\">\n\t\t\t<div class=\"elementor-widget-wrap elementor-element-populated\">\n\t\t\t\t\t\t<section class=\"elementor-section elementor-inner-section elementor-element elementor-element-294bc2bf elementor-section-full_width elementor-section-height-default elementor-section-height-default\" data-id=\"294bc2bf\" data-element_type=\"section\" data-e-type=\"section\" data-settings=\"{&quot;background_background&quot;:&quot;classic&quot;}\">\n\t\t\t\t\t\t\t<div class=\"elementor-background-overlay\"><\/div>\n\t\t\t\t\t\t\t<div class=\"elementor-container elementor-column-gap-default\">\n\t\t\t\t\t<div class=\"elementor-column elementor-col-50 elementor-inner-column elementor-element elementor-element-38e9d98d\" data-id=\"38e9d98d\" data-element_type=\"column\" data-e-type=\"column\">\n\t\t\t<div class=\"elementor-widget-wrap elementor-element-populated\">\n\t\t\t\t\t\t<div class=\"elementor-element elementor-element-4453f621 elementor-widget elementor-widget-elementskit-heading\" data-id=\"4453f621\" data-element_type=\"widget\" data-e-type=\"widget\" data-widget_type=\"elementskit-heading.default\">\n\t\t\t\t<div class=\"elementor-widget-container\">\n\t\t\t\t\t<div class=\"ekit-wid-con\" ><div class=\"ekit-heading elementskit-section-title-wraper text_left   ekit_heading_tablet-   ekit_heading_mobile-\"><h2 class=\"ekit-heading--title elementskit-section-title \">VENTA DE EQUIPOS <BR>E INSUMOS<\/h2>\t\t\t\t<div class='ekit-heading__description'>\n\t\t\t\t\t<p>Contamos con el mejor asesoramiento en ventas y servicio post-venta para todo equipamiento de Inform\u00e1tica y Tecnologia.<\/p>\n\t\t\t\t<\/div>\n\t\t\t<\/div><\/div>\t\t\t\t<\/div>\n\t\t\t\t<\/div>\n\t\t\t\t\t<\/div>\n\t\t<\/div>\n\t\t\t\t<div class=\"elementor-column elementor-col-50 elementor-inner-column elementor-element elementor-element-40de220e\" data-id=\"40de220e\" data-element_type=\"column\" data-e-type=\"column\">\n\t\t\t<div class=\"elementor-widget-wrap elementor-element-populated\">\n\t\t\t\t\t\t<div class=\"elementor-element elementor-element-7ce089f1 elementor-align-left elementor-mobile-align-center elementor-widget elementor-widget-button\" data-id=\"7ce089f1\" data-element_type=\"widget\" data-e-type=\"widget\" data-widget_type=\"button.default\">\n\t\t\t\t<div class=\"elementor-widget-container\">\n\t\t\t\t\t\t\t\t\t<div class=\"elementor-button-wrapper\">\n\t\t\t\t\t<a class=\"elementor-button elementor-button-link elementor-size-lg\" href=\"https:\/\/www.southbox.com.ar\/?page_id=2805\">\n\t\t\t\t\t\t<span class=\"elementor-button-content-wrapper\">\n\t\t\t\t\t\t\t\t\t<span class=\"elementor-button-text\">COMPRAR AHORA<\/span>\n\t\t\t\t\t<\/span>\n\t\t\t\t\t<\/a>\n\t\t\t\t<\/div>\n\t\t\t\t\t\t\t\t<\/div>\n\t\t\t\t<\/div>\n\t\t\t\t\t<\/div>\n\t\t<\/div>\n\t\t\t\t\t<\/div>\n\t\t<\/section>\n\t\t\t\t\t<\/div>\n\t\t<\/div>\n\t\t\t\t\t<\/div>\n\t\t<\/section>\n\t\t\t\t<\/div>\n\t\t","protected":false},"excerpt":{"rendered":"<p>SERVICIOS INTEGRALES A. Enlaces PTP y PTMP. B. Red WIFI. C. Soluciones de conectividad a travez de fibra optica. D. Camaras de Seguridad. E. Cableado [&hellip;]<\/p>\n","protected":false},"author":1,"featured_media":0,"parent":0,"menu_order":0,"comment_status":"closed","ping_status":"closed","template":"","meta":{"footnotes":""},"class_list":["post-2798","page","type-page","status-publish","hentry"],"yoast_head":"<!-- This site is optimized with the Yoast SEO plugin v27.5 - https:\/\/yoast.com\/product\/yoast-seo-wordpress\/ -->\n<title>Servicios Integrales - Southbox<\/title>\n<meta name=\"description\" content=\"Solicita una cotizaci\u00f3n de nuestro servicio integral para tu comercio o empresa. Centrales telef\u00f3nicas, Alarmas, Energia estabilizada UPS, y m\u00e1s.\" \/>\n<meta name=\"robots\" content=\"index, follow, max-snippet:-1, max-image-preview:large, max-video-preview:-1\" \/>\n<link rel=\"canonical\" href=\"https:\/\/www.southbox.com.ar\/?page_id=2798\" \/>\n<meta property=\"og:locale\" content=\"es_ES\" \/>\n<meta property=\"og:type\" content=\"article\" \/>\n<meta property=\"og:title\" content=\"Servicios Integrales - Southbox\" \/>\n<meta property=\"og:description\" content=\"Solicita una cotizaci\u00f3n de nuestro servicio integral para tu comercio o empresa. Centrales telef\u00f3nicas, Alarmas, Energia estabilizada UPS, y m\u00e1s.\" \/>\n<meta property=\"og:url\" content=\"https:\/\/www.southbox.com.ar\/?page_id=2798\" \/>\n<meta property=\"og:site_name\" content=\"Southbox\" \/>\n<meta property=\"article:modified_time\" content=\"2022-09-05T21:30:07+00:00\" \/>\n<meta property=\"og:image\" content=\"https:\/\/www.southbox.com.ar\/wp-content\/uploads\/2022\/09\/servicios-integrales-grafico-scaled.jpg\" \/>\n<meta name=\"twitter:card\" content=\"summary_large_image\" \/>\n<meta name=\"twitter:label1\" content=\"Tiempo de lectura\" \/>\n\t<meta name=\"twitter:data1\" content=\"1 minuto\" \/>\n<script type=\"application\/ld+json\" class=\"yoast-schema-graph\">{\"@context\":\"https:\\\/\\\/schema.org\",\"@graph\":[{\"@type\":\"WebPage\",\"@id\":\"https:\\\/\\\/www.southbox.com.ar\\\/?page_id=2798\",\"url\":\"https:\\\/\\\/www.southbox.com.ar\\\/?page_id=2798\",\"name\":\"Servicios Integrales - Southbox\",\"isPartOf\":{\"@id\":\"https:\\\/\\\/www.southbox.com.ar\\\/#website\"},\"primaryImageOfPage\":{\"@id\":\"https:\\\/\\\/www.southbox.com.ar\\\/?page_id=2798#primaryimage\"},\"image\":{\"@id\":\"https:\\\/\\\/www.southbox.com.ar\\\/?page_id=2798#primaryimage\"},\"thumbnailUrl\":\"https:\\\/\\\/www.southbox.com.ar\\\/wp-content\\\/uploads\\\/2022\\\/09\\\/servicios-integrales-grafico-scaled.jpg\",\"datePublished\":\"2022-09-02T23:59:04+00:00\",\"dateModified\":\"2022-09-05T21:30:07+00:00\",\"description\":\"Solicita una cotizaci\u00f3n de nuestro servicio integral para tu comercio o empresa. Centrales telef\u00f3nicas, Alarmas, Energia estabilizada UPS, y m\u00e1s.\",\"breadcrumb\":{\"@id\":\"https:\\\/\\\/www.southbox.com.ar\\\/?page_id=2798#breadcrumb\"},\"inLanguage\":\"es\",\"potentialAction\":[{\"@type\":\"ReadAction\",\"target\":[\"https:\\\/\\\/www.southbox.com.ar\\\/?page_id=2798\"]}]},{\"@type\":\"ImageObject\",\"inLanguage\":\"es\",\"@id\":\"https:\\\/\\\/www.southbox.com.ar\\\/?page_id=2798#primaryimage\",\"url\":\"https:\\\/\\\/www.southbox.com.ar\\\/wp-content\\\/uploads\\\/2022\\\/09\\\/servicios-integrales-grafico-scaled.jpg\",\"contentUrl\":\"https:\\\/\\\/www.southbox.com.ar\\\/wp-content\\\/uploads\\\/2022\\\/09\\\/servicios-integrales-grafico-scaled.jpg\",\"width\":1810,\"height\":2560,\"caption\":\"servicios integrales de redes, vpn, southbox\"},{\"@type\":\"BreadcrumbList\",\"@id\":\"https:\\\/\\\/www.southbox.com.ar\\\/?page_id=2798#breadcrumb\",\"itemListElement\":[{\"@type\":\"ListItem\",\"position\":1,\"name\":\"Portada\",\"item\":\"https:\\\/\\\/www.southbox.com.ar\\\/\"},{\"@type\":\"ListItem\",\"position\":2,\"name\":\"Servicios Integrales\"}]},{\"@type\":\"WebSite\",\"@id\":\"https:\\\/\\\/www.southbox.com.ar\\\/#website\",\"url\":\"https:\\\/\\\/www.southbox.com.ar\\\/\",\"name\":\"Southbox\",\"description\":\"Servicios Tecnologicos\",\"publisher\":{\"@id\":\"https:\\\/\\\/www.southbox.com.ar\\\/#organization\"},\"potentialAction\":[{\"@type\":\"SearchAction\",\"target\":{\"@type\":\"EntryPoint\",\"urlTemplate\":\"https:\\\/\\\/www.southbox.com.ar\\\/?s={search_term_string}\"},\"query-input\":{\"@type\":\"PropertyValueSpecification\",\"valueRequired\":true,\"valueName\":\"search_term_string\"}}],\"inLanguage\":\"es\"},{\"@type\":\"Organization\",\"@id\":\"https:\\\/\\\/www.southbox.com.ar\\\/#organization\",\"name\":\"Southbox\",\"url\":\"https:\\\/\\\/www.southbox.com.ar\\\/\",\"logo\":{\"@type\":\"ImageObject\",\"inLanguage\":\"es\",\"@id\":\"https:\\\/\\\/www.southbox.com.ar\\\/#\\\/schema\\\/logo\\\/image\\\/\",\"url\":\"https:\\\/\\\/www.southbox.com.ar\\\/wp-content\\\/uploads\\\/2022\\\/10\\\/cropped-logo-principal-3-1.png\",\"contentUrl\":\"https:\\\/\\\/www.southbox.com.ar\\\/wp-content\\\/uploads\\\/2022\\\/10\\\/cropped-logo-principal-3-1.png\",\"width\":900,\"height\":280,\"caption\":\"Southbox\"},\"image\":{\"@id\":\"https:\\\/\\\/www.southbox.com.ar\\\/#\\\/schema\\\/logo\\\/image\\\/\"}}]}<\/script>\n<!-- \/ Yoast SEO plugin. -->","yoast_head_json":{"title":"Servicios Integrales - Southbox","description":"Solicita una cotizaci\u00f3n de nuestro servicio integral para tu comercio o empresa. Centrales telef\u00f3nicas, Alarmas, Energia estabilizada UPS, y m\u00e1s.","robots":{"index":"index","follow":"follow","max-snippet":"max-snippet:-1","max-image-preview":"max-image-preview:large","max-video-preview":"max-video-preview:-1"},"canonical":"https:\/\/www.southbox.com.ar\/?page_id=2798","og_locale":"es_ES","og_type":"article","og_title":"Servicios Integrales - Southbox","og_description":"Solicita una cotizaci\u00f3n de nuestro servicio integral para tu comercio o empresa. Centrales telef\u00f3nicas, Alarmas, Energia estabilizada UPS, y m\u00e1s.","og_url":"https:\/\/www.southbox.com.ar\/?page_id=2798","og_site_name":"Southbox","article_modified_time":"2022-09-05T21:30:07+00:00","og_image":[{"url":"https:\/\/www.southbox.com.ar\/wp-content\/uploads\/2022\/09\/servicios-integrales-grafico-scaled.jpg","type":"","width":"","height":""}],"twitter_card":"summary_large_image","twitter_misc":{"Tiempo de lectura":"1 minuto"},"schema":{"@context":"https:\/\/schema.org","@graph":[{"@type":"WebPage","@id":"https:\/\/www.southbox.com.ar\/?page_id=2798","url":"https:\/\/www.southbox.com.ar\/?page_id=2798","name":"Servicios Integrales - Southbox","isPartOf":{"@id":"https:\/\/www.southbox.com.ar\/#website"},"primaryImageOfPage":{"@id":"https:\/\/www.southbox.com.ar\/?page_id=2798#primaryimage"},"image":{"@id":"https:\/\/www.southbox.com.ar\/?page_id=2798#primaryimage"},"thumbnailUrl":"https:\/\/www.southbox.com.ar\/wp-content\/uploads\/2022\/09\/servicios-integrales-grafico-scaled.jpg","datePublished":"2022-09-02T23:59:04+00:00","dateModified":"2022-09-05T21:30:07+00:00","description":"Solicita una cotizaci\u00f3n de nuestro servicio integral para tu comercio o empresa. Centrales telef\u00f3nicas, Alarmas, Energia estabilizada UPS, y m\u00e1s.","breadcrumb":{"@id":"https:\/\/www.southbox.com.ar\/?page_id=2798#breadcrumb"},"inLanguage":"es","potentialAction":[{"@type":"ReadAction","target":["https:\/\/www.southbox.com.ar\/?page_id=2798"]}]},{"@type":"ImageObject","inLanguage":"es","@id":"https:\/\/www.southbox.com.ar\/?page_id=2798#primaryimage","url":"https:\/\/www.southbox.com.ar\/wp-content\/uploads\/2022\/09\/servicios-integrales-grafico-scaled.jpg","contentUrl":"https:\/\/www.southbox.com.ar\/wp-content\/uploads\/2022\/09\/servicios-integrales-grafico-scaled.jpg","width":1810,"height":2560,"caption":"servicios integrales de redes, vpn, southbox"},{"@type":"BreadcrumbList","@id":"https:\/\/www.southbox.com.ar\/?page_id=2798#breadcrumb","itemListElement":[{"@type":"ListItem","position":1,"name":"Portada","item":"https:\/\/www.southbox.com.ar\/"},{"@type":"ListItem","position":2,"name":"Servicios Integrales"}]},{"@type":"WebSite","@id":"https:\/\/www.southbox.com.ar\/#website","url":"https:\/\/www.southbox.com.ar\/","name":"Southbox","description":"Servicios Tecnologicos","publisher":{"@id":"https:\/\/www.southbox.com.ar\/#organization"},"potentialAction":[{"@type":"SearchAction","target":{"@type":"EntryPoint","urlTemplate":"https:\/\/www.southbox.com.ar\/?s={search_term_string}"},"query-input":{"@type":"PropertyValueSpecification","valueRequired":true,"valueName":"search_term_string"}}],"inLanguage":"es"},{"@type":"Organization","@id":"https:\/\/www.southbox.com.ar\/#organization","name":"Southbox","url":"https:\/\/www.southbox.com.ar\/","logo":{"@type":"ImageObject","inLanguage":"es","@id":"https:\/\/www.southbox.com.ar\/#\/schema\/logo\/image\/","url":"https:\/\/www.southbox.com.ar\/wp-content\/uploads\/2022\/10\/cropped-logo-principal-3-1.png","contentUrl":"https:\/\/www.southbox.com.ar\/wp-content\/uploads\/2022\/10\/cropped-logo-principal-3-1.png","width":900,"height":280,"caption":"Southbox"},"image":{"@id":"https:\/\/www.southbox.com.ar\/#\/schema\/logo\/image\/"}}]}},"jetpack_sharing_enabled":true,"_links":{"self":[{"href":"https:\/\/www.southbox.com.ar\/index.php?rest_route=\/wp\/v2\/pages\/2798","targetHints":{"allow":["GET"]}}],"collection":[{"href":"https:\/\/www.southbox.com.ar\/index.php?rest_route=\/wp\/v2\/pages"}],"about":[{"href":"https:\/\/www.southbox.com.ar\/index.php?rest_route=\/wp\/v2\/types\/page"}],"author":[{"embeddable":true,"href":"https:\/\/www.southbox.com.ar\/index.php?rest_route=\/wp\/v2\/users\/1"}],"replies":[{"embeddable":true,"href":"https:\/\/www.southbox.com.ar\/index.php?rest_route=%2Fwp%2Fv2%2Fcomments&post=2798"}],"version-history":[{"count":11,"href":"https:\/\/www.southbox.com.ar\/index.php?rest_route=\/wp\/v2\/pages\/2798\/revisions"}],"predecessor-version":[{"id":2984,"href":"https:\/\/www.southbox.com.ar\/index.php?rest_route=\/wp\/v2\/pages\/2798\/revisions\/2984"}],"wp:attachment":[{"href":"https:\/\/www.southbox.com.ar\/index.php?rest_route=%2Fwp%2Fv2%2Fmedia&parent=2798"}],"curies":[{"name":"wp","href":"https:\/\/api.w.org\/{rel}","templated":true}]}}